der when x is divided by 15?
12
Suppose -3*x = x - 36. What is the remainder when x is divided by 4?
1
Suppose -7*l = -2*l. Calculate the remainder when 50/2*(l + 1) is divided by 10.
5
Let m be 3 - (0 + 0 + 3). Suppose 2*f - 3*b = 19 - 4, 3*f - b - 40 = m. What is the remainder when 57 is divided by f?
12
Suppose -5*b - g = -0*g - 30, -3*b + 5*g + 18 = 0. Let a = b + 40. What is the remainder when a is divided by 16?
14
Suppose 3*z = 3*q - 21, 3*q + z + 1 = 2. What is the remainder when 14 is divided by 7 + (-5)/(5/q)?
4
Suppose -d + 16 = 3*c, -c - c + 8 = 0. Suppose -2*q - d = -3*q. Calculate the remainder when q is divided by 3.
1
Suppose 3*u - 5*u + 22 = 0. Calculate the remainder when 20 is divided by u.
9
Suppose 0*u = 5*u - 10. Suppose -p = p - u. Suppose -5*j - 2*o - o + 5 = 0, -5 = -5*j + 4*o. Calculate the remainder when j is divided by p.
0
Let x(l) = -33*l - 4. Let w be ((-1)/(-3))/(5/(-30)). Calculate the remainder when x(w) is divided by 16.
14
Suppose 4*p - 2*m - 52 = 0, -2*m - 2 = -3*m. Calculate the remainder when 52 is divided by p.
10
Suppose 0*r = -r - 54. Let k = r - -17. Let u = k - -69. Calculate the remainder when u is divided by 17.
15
Let m(q) = 2*q**2 - 2*q. Let y(s) = s**3 + 4*s**2 - 2*s - 2. Let i be y(-4). Calculate the remainder when ((-70)/6)/((-2)/i) is divided by m(3).
11
Let o(v) = 5*v - 2. Suppose 0 = -4*r + q + 78, 3*q + 84 = 5*r - 10. Calculate the remainder when (-12)/5*r/(-6) is divided by o(1).
2
Let y(b) = 0*b**2 - b**3 - 1 - 6*b**2 - 2*b + 1 - 2. Let z be y(-6). Calculate the remainder when (-333)/(-15) - 2/z is divided by 8.
6
Let y be (-1)/4 - 58/(-8). Suppose -2*a - 1 = -y. Suppose -l = 2*l - 21. Calculate the remainder when l is divided by a.
1
Suppose 0*i = 3*i - 4*u - 54, -2*i + 5*u + 43 = 0. Let c(x) = 41*x. What is the remainder when c(1) is divided by i?
13
Let g = 203 - 138. Suppose -3*x + 15 = 0, -4*x = 5*q - 0*q - g. Let y(c) = -c**2 + 9*c + 9. Calculate the remainder when y(8) is divided by q.
8
Let q = -2 + 12. Let l(k) be the second derivative of k**5/5 - k**4/12 + k**3/2 - 5*k**2/2 - 5*k. Calculate the remainder when l(2) is divided by q.
9
Let l be (-2)/(-2*3/6). Suppose 4*b - 28 = -q, -7 - 7 = -l*b + q. What is the remainder when 15/2*(-24)/(-15) is divided by b?
5
Let f = 72 - 40. Let x(c) = 2*c**3 - c**2 + 2*c + 4. Let u be x(3). Suppose -4*q = q - u. What is the remainder when f is divided by q?
10
Let y = 47 + -29. Calculate the remainder when (-1)/((-3)/(-210)*-2) is divided by y.
17
Let g(c) = -3*c + 43. Calculate the remainder when 287 is divided by g(9).
15
Let o = -83 - -49. Let p = o - -47. Calculate the remainder when 23 is divided by p.
10
Suppose 5*a = l - 23, -2*l - 14 = -0*l + 5*a. Suppose g + l*j + 7 = 14, g - 1 = 3*j. What is the remainder when g is divided by 2/((-8)/(-3) - 2)?
1
Let q = 23 + -9. Suppose 2*k = 5*k - 24. Suppose 4*b + 4*s + 2 = 50, -b + 4*s - k = 0. Calculate the remainder when q is divided by b.
6
Let l = 55 + -29. Calculate the remainder when l is divided by 16.
10
Let a(s) = 2*s - 2. Let l(x) = -x + 1. Let d(z) = 4*a(z) + 3*l(z). What is the remainder when d(6) is divided by 13?
12
Let l = 34 + 73. Calculate the remainder when l is divided by 11.
8
Suppose -4*a - 68 = 36. Let d = -1 - a. Suppose 39 = -0*p + 3*p. What is the remainder when d is divided by p?
12
Let b = 6 + 6. Calculate the remainder when 153/12 - (-3)/b is divided by 8.
5
Let m be 170/8 + (-6)/24. Suppose -p - 3 = -m. Suppose -5*q + 178 = -3*j, 0*q = 2*q + j - 69. What is the remainder when q is divided by p?
17
Let u(o) = 21*o**3 - o**2 + o. Calculate the remainder when 81 is divided by u(1).
18
Suppose -4*p + p = -240. Suppose 8*h = 3*h + p. What is the remainder when 45 is divided by h?
13
Let o be -2 + 2 + -2 - -5. Suppose o = 3*r - 0. What is the remainder when 2 is divided by r?
0
Let a(d) = d + 6. Let o be ((-2)/2)/(3/9). Calculate the remainder when 3 is divided by a(o).
0
Let o = 7 - 1. Suppose -97 = -3*n - 2*i, 9*n - 6*n = -3*i + 102. What is the remainder when n is divided by o?
5
Suppose -6*g + 110 = 5*t - 5*g, -4*t - 4*g = -104. Calculate the remainder when t is divided by -1*1*(12*1)/(-1).
9
What is the remainder when -3*((-37)/3 - 2) is divided by 11?
10
Suppose -10*j + 23 + 87 = 0. Let w(v) = v - 2. Let m be w(2). Suppose -32 = -m*g - g. Calculate the remainder when g is divided by j.
10
Suppose -5*q = a - 415, a + 318 = 4*q - a. Suppose -3*f = -4*l - 95 - q, -3*l - 2*f - 137 = 0. Let s = 67 + l. Calculate the remainder when s is divided by 12.
10
Let f = 8 - 11. Let p(t) = -14*t + 2. Let z(d) = -13*d + 2. Let c(r) = f*z(r) + 2*p(r). What is the remainder when 38 is divided by c(2)?
18
Suppose 3 = -2*s - 13. Let w = 49 + s. Suppose -x = 2*k - 29, k + w = 3*k - 3*x. Calculate the remainder when k is divided by 6.
4
Let d(h) = 4*h - h - 2*h. Let x be d(-2). What is the remainder when 0*1/x - -3 is divided by 2?
1
Let o(p) = p**3 + 8*p**2 - 9*p + 11. Calculate the remainder when 53 is divided by o(-9).
9
Let y(t) = t**2 - 7*t + 6. Let h be y(6). Let v = 1 - h. Suppose 0 = f - 3, 6 = -3*w + 5*f - 6. Calculate the remainder when v is divided by w.
0
Suppose 4*a = -8, 2*r = 2*a + a + 122. Let t be r/10 - 4/(-20). What is the remainder when 24 - 3/((-9)/t) is divided by 14?
12
Let s = -28 - -46. Let d(n) = n**3 - 12*n**2 - 7*n - 9. Calculate the remainder when d(13) is divided by s.
15
Let l(h) = h**3 - 8*h**2 + 14*h. Calculate the remainder when 191 is divided by l(6).
11
What is the remainder when 17 is divided by -3 - (2 + -1)*-8?
2
Let m = 2 + 1. Let x = m + -1. Suppose -2*r - 4*c + 10 = 0, 0 = 5*r - 2*c - 3*c + 5. Calculate the remainder when x is divided by r.
0
Let r(s) = 12*s - 1. Let n be r(1). Let q = -4 + n. What is the remainder when 18 is divided by q?
4
Suppose -a = 2*a. Suppose 6*z - 2*z - 72 = a. Calculate the remainder when z is divided by 7.
4
Let f(t) = -t**3 + 4*t**2 - 4. Let m be f(3). Suppose 4*j - m*j - 3*g = 57, g = -4. Calculate the remainder when 76/18 + 10/j is divided by 2.
0
Let z(f) be the second derivative of f**3/6 + 15*f**2/2 - 9*f. What is the remainder when ((-2)/2)/(1/(-9)) is divided by z(-10)?
4
Suppose t + 19 = 2*t. Let i = 2 + t. What is the remainder when 83 is divided by i?
20
Suppose -3*a = -9 - 9. Suppose 135 = 4*f + k, -k = -3*k + a. What is the remainder when f is divided by 9?
6
Calculate the remainder when 34 is divided by 748/102 - 4/(-6).
2
Let q(z) = z**2 + 15*z + 18. Let w be q(-14). Let a(v) = -v**3 + 7*v**2 + 5*v - 4. What is the remainder when a(w) is divided by 17?
13
Suppose -5*r + 1 + 9 = 0, 3 = -3*m + 3*r. Suppose -z = -5 - m. Let b = -29 - -50. Calculate the remainder when b is divided by z.
3
Let h be ((-2)/4)/((-3)/234). Suppose h = c + a, 4*a - 9*a + 59 = c. Calculate the remainder when c is divided by 12.
10
Let w = 102 + -71. What is the remainder when 122 is divided by w?
29
Suppose 100 = 2*b + 4*u, 0 = 11*u - 6*u + 20. Calculate the remainder when b is divided by 13.
6
Suppose -q = 4*w + w - 80, -q + 76 = w. What is the remainder when q is divided by 13?
10
Suppose -2*t - 3 = -5*l - 21, -6 = -3*t - 3*l. Let b = t - -1. What is the remainder when 14 is divided by b?
4
Suppose x - 6*x + 60 = 0. Calculate the remainder when x is divided by ((-5)/4)/((-10)/40).
2
Suppose -4*c + 3*s + 204 = 42, 90 = 2*c + 3*s. Suppose 5*o = 2*o + c. What is the remainder when ((-50)/6)/((-3)/9) is divided by o?
11
Let r(c) = 4*c**2 - 10*c - 6. Let p be r(9). Let a = -163 + p. What is the remainder when a is divided by 17?
14
Let z(u) = 3*u. Suppose -t = -4*t + 9. Suppose -i = 5*w - 88, 4*i - 43 = -2*w + i. Calculate the remainder when w is divided by z(t).
8
Let s(d) = -d**2 + 10*d - 4. Calculate the remainder when 0 + 58 + (3 - 2) is divided by s(4).
19
Let a(p) = p**2 - 16*p - 13. Let q(c) = 8*c + 7. Let r(g) = 2*a(g) + 5*q(g). Calculate the remainder when 24 is divided by r(-4).
6
Let l(u) = -u**2 + 13*u + 1. Let t = 8 - -6. What is the remainder when l(8) is divided by t?
13
Let j(r) = r**2 + 3. Let t be j(0). Suppose -t*q - 21 - 8 = -2*a, -5*q = -a + 18. What is the remainder when a is divided by 4?
1
Let h = -1 - -15. Let l = h - 1. Let v = 64 + -39. What is the remainder when v is divided by l?
12
Suppose -g - 44 = -